355461. Give j(739).
2
Let q(l) = 3*l**2 + 71*l - 5854. Give q(34).
28
Let r(d) = -81*d + 2335. What is r(23)?
472
Let t(z) = -634*z + 27649. Give t(46).
-1515
Let g(y) = 4*y**2 - 680*y + 6354. Determine g(10).
-46
Let t(p) = 4857*p + 28. Give t(0).
28
Let n(d) = 6*d**3 - 130*d**2 + 575*d - 66. Give n(16).
430
Let k(s) = 4*s**3 - 130*s**2 + 434*s + 159. Give k(4).
71
Let b(u) = -u**3 + 12*u**2 + 131*u - 1245. Determine b(10).
265
Let x(n) = 9*n**2 - 255*n + 40. Calculate x(28).
-44
Let p(f) = -2*f**2 - 75*f + 9876. Calculate p(54).
-6
Let b(f) = 2*f**2 + 763*f + 1195. What is b(-380)?
55
Let l(k) = k**3 + 22*k**2 - 1707*k - 38914. Calculate l(-23).
-182
Let z(u) = 138*u - 781. Determine z(0).
-781
Let y(j) = j**2 - 46*j - 637. Determine y(-11).
-10
Let v(w) = 3*w**2 + 87*w - 154. Give v(-30).
-64
Let c(k) = -2*k**3 + 3*k**2 - 141*k - 655. Give c(-8).
1689
Let x(s) = -488*s**2 - 343*s + 166. What is x(-3)?
-3197
Let f(g) = 636*g - 41292. Calculate f(65).
48
Let f(n) = 1790*n - 11300. Give f(6).
-560
Let h(a) = a**3 + 63*a**2 - 63*a + 135. Give h(-64).
71
Let d(a) = 16*a**2 - 2530*a + 329. What is d(158)?
13
Let v(o) = -38320*o + 1111299. What is v(29)?
19
Let m(y) = 1853*y + 63904. What is m(-34)?
902
Let y(g) = 2217*g + 419020. Calculate y(-189).
7
Let i(q) = 2*q**2 - 827*q + 15032. Determine i(19).
41
Let r(d) = -17*d**2 - 205*d + 1083. Give r(-16).
11
Let a(c) = 23*c**3 - 7*c**2 - 19*c + 28. Calculate a(-3).
-599
Let k(w) = w**3 + 15*w**2 + 81*w - 49. What is k(-11)?
-456
Let t(m) = -m**3 + 409*m**2 + 2038*m - 4. Calculate t(-5).
156
Let t(q) = -q**3 - 6*q**2 - 124*q - 227. Calculate t(-2).
5
Let i(h) = 4*h + 40. What is i(-73)?
-252
Let g(k) = k**2 - 3452*k + 2367546. What is g(944)?
-6
Let j(s) = -94*s + 25925. Determine j(278).
-207
Let m(p) = -24*p**2 - 42461*p + 212325. Determine m(5).
-580
Let k(d) = d**3 + 9*d**2 - 5*d - 18. What is k(-2)?
20
Let o(k) = 2*k**3 + 17*k**2 - 17*k + 35. Calculate o(-12).
-769
Let h(p) = p**3 - 93*p**2 - 3030*p - 7586. What is h(119)?
30
Let l(c) = -8*c**3 - 101*c**2 - 41*c + 120. Calculate l(-12).
-108
Let j(x) = 13*x**3 + 5*x**2 - 1579*x - 3159. Calculate j(-2).
-85
Let a(d) = 6341*d - 25363. Determine a(4).
1
Let g(x) = 15*x**3 + 82*x**2 - 308*x - 23. Determine g(4).
1017
Let b(y) = 3*y**3 + 217*y**2 - 130*y + 1217. Give b(-73).
49
Let j(f) = -112*f + 14503. Calculate j(130).
-57
Let r(s) = -2*s**3 + 75*s**2 + 221*s - 3101. Give r(39).
955
Let r(z) = 8744*z - 35088. What is r(4)?
-112
Let c(d) = 2*d**2 - 5035*d + 198198. Determine c(40).
-2
Let n(d) = 3994*d - 35316. Give n(9).
630
Let m(k) = -3*k**2 + 128*k + 1372. Determine m(-20).
-2388
Let r(n) = 5*n**2 + 17918*n + 338677. Give r(-19).
40
Let n(u) = -u**3 + 79*u**2 + 68*u + 420. Determine n(80).
-540
Let d(j) = -2*j**3 + 238*j**2 + 1764*j + 10. Determine d(-7).
10
Let m(t) = 1442*t - 11009. What is m(4)?
-5241
Let z(j) = j**3 + 2*j**2 - 600*j - 4373. Give z(-8).
43
Let x(r) = -r**3 - 892*r**2 + 1789*r + 6. Give x(2).
8
Let b(h) = 6*h**3 + 860*h**2 - 594*h - 497. Calculate b(-144).
2095
Let v(q) = 41802*q + 334407. Determine v(-8).
-9
Let t(p) = 104*p**3 - 4784*p**2 - 23*p + 1059. What is t(46)?
1
Let x(l) = 103145*l + 7220155. Calculate x(-70).
5
Let m(b) = -b**3 - 87*b**2 + 499*b + 3543. Calculate m(-92).
-45
Let d(a) = 16*a**3 - 6*a**2 - 28*a + 125. Give d(3).
419
Let w(v) = 2*v**3 - 37*v**2 - 332*v + 6414. What is w(14)?
2
Let s(c) = -c**3 + 37*c**2 + 5*c + 147. Determine s(37).
332
Let x(d) = 5*d**3 + 494*d**2 + 3684*d + 412. Give x(-8).
-4
Let t(s) = -27653*s + 2018628. Calculate t(73).
-41
Let n(f) = 300*f**2 - 60*f - 68. Determine n(-2).
1252
Let j(v) = 41*v**3 - 5*v**2 - v + 2. Calculate j(-1).
-43
Let a(n) = n**3 + 5*n**2 - 76*n - 22. Give a(-13).
-386
Let d(a) = 12*a**3 - 129*a**2 + 115*a - 298. Determine d(10).
-48
Let d(w) = -4148*w**2 + 33198*w - 109. Determine d(8).
3
Let a(t) = -15*t**2 + 2519*t + 29684. What is a(179)?
-30
Let v(u) = -13*u**3 - 21*u**2 - 163*u - 493. Calculate v(-3).
158
Let p(t) = -2*t**2 + 755*t + 21405. What is p(-30)?
-3045
Let a(k) = -3*k**3 + 90*k**2 - 365*k - 4700. Determine a(20).
0
Let n(c) = 3*c**3 - 248*c**2 - 37589*c + 570. What is n(-78)?
24
Let c(y) = 139*y**2 + 29*y - 11. Give c(-4).
2097
Let o(q) = 457*q + 163203. What is o(-357)?
54
Let u(x) = x**3 + 8*x**2 - 639*x - 3899. Calculate u(-6).
7
Let t(x) = 5*x**3 - 21*x**2 - 701*x + 2835. Give t(4).
15
Let i(a) = a**2 + 160*a + 5602. What is i(-102)?
-314
Let m(i) = 5*i**3 + 23*i**2 + 8358*i + 50274. Give m(-6).
-126
Let d(h) = 3*h**2 - 1292*h + 55804. Determine d(382).
32
Let w(u) = 10676*u + 491100. Calculate w(-46).
4
Let x(s) = 467156*s + 4671465. Calculate x(-10).
-95
Let t(d) = 9*d**2 + 69970*d + 349627. Determine t(-5).
2
Let c(f) = 77*f - 552. What is c(9)?
141
Let z(n) = -35*n**2 - 5*n - 223. What is z(13)?
-6203
Let z(v) = 83*v**2 + 68*v - 553. Determine z(-3).
-10
Let n(q) = 3999*q - 75964. What is n(19)?
17
Let s(v) = 247*v + 24948. Give s(-100).
248
Let f(h) = -14684*h - 249638. What is f(-17)?
-10
Let b(g) = -g**2 + 153988*g + 1385978. What is b(-9)?
5
Let x(h) = -50*h**2 + 268*h - 45. Give x(5).
45
Let q(a) = -6*a**2 - 604*a - 4772. Determine q(-92).
12
Let k(x) = 3*x**2 + 52*x - 33. Calculate k(5).
302
Let a(d) = d**3 - 68*d**2 + 355*d - 14719. What is a(66)?
-1
Let f(d) = -131*d**3 + 57*d**2 + 118*d - 4. Determine f(-2).
1036
Let x(i) = -i**3 + 89*i**2 - 493*i - 454. What is x(83)?
-39
Let f(i) = 3213*i**2 - 12836*i - 35. Determine f(4).
29
Let l(z) = 3*z**2 + 669*z + 18003. Give l(-28).
1623
Let i(f) = 11*f**3 - 384*f**2 - 1684*f + 108. Determine i(-4).
-4
Let l(d) = -2443*d - 10459. Give l(-5).
1756
Let q(k) = k**2 + 104*k + 2320. What is q(0)?
2320
Let y(g) = 168754*g - 1012531. Determine y(6).
-7
Let b(q) = -11*q**2 + 42*q + 894. Give b(11).
25
Let k(f) = 67*f**2 - 274*f - 771. Give k(6).
-3
Let t(g) = -8198*g + 4295746. Determine t(524).
-6
Let r(s) = 53601*s - 643218. Calculate r(12).
-6
Let j(a) = -6*a**2 - 42*a - 656. Give j(0).
-656
Let j(r) = 2*r**3 - 51*r**2 - 242*r - 237. Give j(-3).
-24
Let j(o) = -o**3 + 135*o**2 - 1466*o - 1235. Determine j(123).
-5
Let a(h) = 6*h**3 + 710*h**2 + 19024*h + 75. Calculate a(-41).
75
Let w(k) = 3578*k + 390017. Give w(-109).
15
Let i(s) = -13*s**3 - 90*s**2 + 63*s + 393. Determine i(-7).
1
Let r(d) = -d**3 + 132*d**2 + 1738*d - 1436. Determine r(144).
4
Let r(m) = 126064*m - 18. Give r(0).
-18
Let r(i) = 841*i**2 + 13461*i + 65. What is r(-16)?
-15
Let v(s) = s**3 + 4*s**2 + 280*s - 887. Give v(3).
16
Let g(j) = -18*j**2 - 3860*j - 121794. Determine g(-176).
-2
Let p(k) = 1842*k - 202753. Calculate p(110).
-133
Let h(c) = -c**2 - 783*c - 474. What is h(0)?
-474
Let k(s) = 2*s**2 + 183*s - 7675. Determine k(-125).
700
Let d(v) = -27*v**3 - 646*v**2 + 150*v + 2193. What is d(-24)?
-255
Let i(r) = -r**3 - 37*r**2 + 3979*r - 32259. What is i(-87)?
18
Let x(d) = -781*d + 198442. Give x(254).
68
Let f(g) = -5*g**3 + 2*g**2 - 891*g - 36. Give f(0).
-36
Let i(y) = -8*y**2 - 63*y + 23. Determine i(-8).
15
Let i(y) = -6*y**2 + 14*y + 696. Determine i(-20).
-1984
Let o(n) = -n**3 + 5*n**2 + 106*n - 190. Give o(18).
-2494
Let m(n) = 15*n**2 - 93*n + 274. Calculate m(5).
184
Let x(d) = 1731*d - 64071. Calculate x(37).
-24
Let t(y) = y**3 - 18*y**2 + 17727*y - 265234. What is t(15)?
-4
Let v(w) = -1635*w + 171654. Calculate v(105).
-21
Let g(z) = 4*z**2 + 9556*z - 9556. Calculate g(1).
4
Let u(m) = 22*m**2 - 3495*m - 454. Calculate u(159).
23
Let a(z) = -6*z**3 + 286*z**2 + 371*z + 1011. Give a(49).
-18
Let x(f) = -19234*f + 500181. Give x(26).
97
Let x(t) = -35*t**3 + 24*t**2 + 9*t - 1. What is x(1)?
-3
Let c(o) = 2*o**2 - 9034*o + 215669. What is c(24)?
5
Let n(p) = 403*p - 114. Give n(-1).
-517
Let i(u) = 2*u**3 + 9*u**2 - 2269*u - 33. Calculate i(-36).
3
Let y(n) = n**3 + 44*n**2 + 167*n + 1650. Calculate y(-41).
-154
Let r(b) = 2*b**3 - 72*b**2 + 342*b - 113. What is r(30)?
-653
Let z(r) = 30*r**3 - 16111*r**2 + 538*r - 557. What is z(537)?
-20
Let g(n) = -5825*n + 17532. Calculate g(3).
57
Let d(q) = -3*q**3 + 39*q**2 - 119*q - 5. Give d(5).
0
Let y(g) = 19*g**2 - 240*g + 26. What is y(11)?
-315
Let j(v) = 2511*v - 42095. Give j(17).
592
Let b(a) = -a**2 - 12980*a - 272133. What is b(-21)?
6
Let